is the value of 0 + (2 - (3 - (-2 + 7)))?
4
0 + 0 + 1 + 3 + -9
-5
-2 + (15 - (0 - -5)) + -4
4
-2 - ((14 - 8) + -10 - -5)
-3
What is the value of 7 + -5 - (-2 - 4 - -1)?
7
Calculate -5 - ((-4 - -9) + -4).
-6
What is -1 - (1 + 0 + -1 + 1)?
-2
What is -8 + 3 + 7 + (1 - 2)?
1
Calculate 1 + 2 - (-25 + 30).
-2
What is 1 + 2 - 1 - (-12 - -11)?
3
What is the value of -1 + 2 + 6 + (4 - 4)?
7
Evaluate -1 - (-1 + (-3 - -13) - 4).
-6
What is -3 - (-1 - 6) - (9 - 0)?
-5
What is -4 + 10 + -3 - -2?
5
What is the value of -8 + 10 + (-3 - 1) - -4?
2
What is 2 + 0 + -1 + 2?
3
Calculate -8 + (-1 + -1 - -3) - -3.
-4
Calculate 1 - (8 + -11 + -2 + 7).
-1
Evaluate (2 - 2) + 3 + -1 + -4.
-2
What is the value of -23 + 17 + 6 + 0?
0
(0 - 1) + (-1 + 0 - -7)
5
What is the value of 2 - (3 + (5 + -3 - 4))?
1
Evaluate -1 - -7 - 2 - 2.
2
What is the value of -2 + (-3 - -7) + -7?
-5
-5 + (-5 - -9) + 2
1
Calculate 1 + (-3 - -7) + -3 - -6.
8
Calculate (6 + -9 - 10) + 8.
-5
Evaluate -1 + (-8 - 0) + 7.
-2
Evaluate (-2 - 1) + 37 + -36.
-2
Evaluate 5 - (-1 + 9) - -1.
-2
-5 - (26 + -28 + (2 - 1))
-4
What is the value of -3 + 0 + 2 + (7 - 9)?
-3
What is 12 + (-10 + 5 - 9)?
-2
7 + -4 + 16 + -29
-10
Evaluate 7 + 5 + -8 + -7.
-3
Evaluate -5 + 2 - (2 + -2).
-3
Calculate 14 + -21 + -6 + 2.
-11
Evaluate 252 + -258 + 2 + 2 + 2.
0
What is -4 + 6 + -4 + -2 + 0?
-4
(-1 - 1) + 7 - (2 - 0)
3
Calculate 12 + 1 - (29 - 23).
7
9 + -17 + 1 - (-3 - 1)
-3
Evaluate 2 - (4 + 7 + 1 + -4).
-6
Evaluate 0 + 4 + 0 - 4.
0
Evaluate -7 + (12 - (5 + -4)).
4
What is (3 - (4 + 0 - 1)) + 3?
3
What is -4 + (13 - 2) + -10?
-3
Calculate -3 + 2 + 2 + 0.
1
What is (-6 - -11) + -10 + 4?
-1
Calculate (4 + 4 - 0) + -1.
7
-6 - (-7 + 0 - (-1 - 1))
-1
What is the value of 8 + 5 + -14 + 9?
8
What is -1 + -5 + 1 + -10 + 19?
4
Calculate -3 + 0 + (0 - -2).
-1
Evaluate 6 - (-5 + 9 + -3).
5
What is -6 + 0 + (53 - 47)?
0
-5 - (-33 - -31 - (-1 + 1))
-3
What is the value of 27 + -20 + -1 + 2?
8
Evaluate (-16 - -17) + 1 + 0.
2
What is the value of 4 + (-1 - -5) + -3?
5
What is (-6 - 7) + 7 + 0 + -5?
-11
-8 + 1 + 5 + -3 + 0
-5
What is the value of 1 - (7 + 0 + -2)?
-4
Evaluate 1 - (4 + (-7 - (-2 + 2))).
4
What is the value of 7 - (9 + -10 - -2)?
6
What is the value of 8 - ((6 - 0) + -74 + 74)?
2
Evaluate 4 - (4 - 0 - 3).
3
0 - (0 + (4 - 6)) - 0
2
Evaluate 8 + (0 + 4 - 7).
5
Evaluate (1 + 2 - 1) + (0 - 1).
1
What is the value of (0 - 1 - (-23 - -20)) + -1?
1
Evaluate -13 - -14 - (0 - 4).
5
What is the value of 0 - (1 + 1) - (0 - -1)?
-3
What is 12 + -12 - (-2 + 2 + 3)?
-3
What is (-3 - 2) + -4 + (5 - -1)?
-3
Calculate 8 + -9 + -2 + (0 - -4).
1
Evaluate (-10 + 7 - (0 + -3)) + 2.
2
What is the value of 7 - (3 - 0) - (-1 - -4)?
1
-7 - -10 - (8 + (-2 - -5))
-8
What is the value of -13 + 16 + 12 + -2 + -4?
9
What is -3 - ((-11 - 0) + 2 - -1)?
5
Calculate 2 + -2 + (-2 - (2 + -9)).
5
What is 3 - (4 - 3 - -1)?
1
What is the value of 13 + 5 + -14 - -7?
11
What is -5 + 1 + 57 + -59?
-6
What is -1 - -3 - (15 + -13)?
0
Calculate -6 - (-10 + 9) - (1 - 2).
-4
3 - (-7 + 4 - -1)
5
Calculate -3 + 2 - -8 - (42 - 41).
6
What is (13 - (1 - -1)) + -11 + 4?
4
4 + -9 + 6 + -5
-4
Evaluate -7 + 21 - (5 + 1).
8
-4 + 1 - (0 + -14 + 8)
3
Evaluate (-21 - (-25 + 12)) + 2.
-6
What is -3 + 9 + -1 + -9?
-4
Calculate 8 + (-3 - -2) - (-6 - -11).
2
Calculate -20 - -36 - (-2 + 11).
7
What is 2 - (4 - (2 - 1))?
-1
Calculate 13 + 12 + -26 + -2 + -1.
-4
Calculate 3 + 0 + 0 + -1.
2
What is 0 + -5 + (0 - -1)?
-4
Evaluate -11 - -3 - (4 + -9) - -8.
5
0 + (1 - (-1 + 10) - -3)
-5
What is the value of (6 - (-2 - -4)) + 0 + -3?
1
What is 17 + -1 + -8 + (-10 - -2)?
0
What is the value of -8 - (10 - (1 + 25))?
8
Calculate 13 + -13 + (-3 - (-1 - 1)).
-1
Evaluate -5 - (9 + (5 - (7 - -3))).
-9
(-7 - (18 - 27)) + (-11 - 1)
-10
Calculate -6 + 4 + -2 + 4.
0
Evaluate -19 + 10 + -1 + 10.
0
What is the value of (-2 - 0) + (-8 - -13)?
3
-5 - -4 - 1 - -4
2
Calculate 2 + (2 - (0 + 4)).
0
What is (-1 - 1) + (0 - (-4 + 0))?
2
(-3 + 7 - 2) + 4 + -8
-2
What is 3 + -1 - (5 - 5) - 5?
-3
What is the value of -1 - 4 - (0 + -2 + 1)?
-4
Evaluate (0 - (3 - 3)) + (-4 - -5).
1
16 + -19 + (2 - -5)
4
Evaluate (0 - -1) + (-3 - -1) + 3.
2
Calculate -1 + -1 + 6 + (7 - 7).
4
Evaluate 5 + 1 - (5 + 1) - 6.
-6
Calculate 4 + 2 + 1 + -8.
-1
-18 - -22 - (-1 + 5)
0
2 - (-6 + 6) - -1
3
What is 7 + (-15 - -10 - (-5 - -4))?
3
What is 10 + -5 + (5 - 2) + -2?
6
-1 + (2 - (-8 - 1))
10
What is 3 + (2 + -6 - (-1 - -1))?
-1
What is (102 - 107) + (6 - 0)?
1
-5 + (-6 - -13 - -4) + -6
0
What is (-21 - -20) + -1 + -3?
-5
-1 + (-6 - (-2 - 3))
-2
What is the value of -2 - -7 - (-8 - -11)?
2
Evaluate (-1 - (-4 - -1)) + 0.
2
What is -2 + 3 + (-3 - 4)?
-6
Calculate 2 - 7 - (24 - 29).
0
What is the value of (3 - -1) + -10 + 3 + 3?
0
Evaluate 1 + -4 - (37 + -35).
-5
4 + 3 + 2 + (1 - 0)
10
Calculate 0 - -11 - (6 + 7 - 9).
7
0 - (5 + -6 + 3)
-2
Evaluate (5 + -7 - (2 + -6)) + 3.
5
What is the value of 2 + (2 - (-5 - -10))?
-1
What is the value of -4 - ((1 - -10) + -10)?
-5
Calculate -4 - (2 + (6 - 9)).
-3
Calculate -1 + -1 + -2 - (-22 + 21).
-3
Evaluate 1 - (3 + -3 + 3).
-2
Calculate 4 - 1 - (-4 + 5).
2
Calculate -1 + 3 + (-2 - 7) + -3.
-10
Calculate (-16 - -10) + (-2 - -7).
-1
What is -1 - (-2 - (6 + -4))?
3
2 + -2 + 1 + 29 + -35
-5
Evaluate 1 + -4 + -57 + 60.
0
What is 10 + (7 - 12 - 16)?
-11
-3 + (9 - (5 - -8 - 7))
0
Calculate 3 + (10 - 4) + -5 - -1.
5
(-2 + 13 - -4) + -6
9
Evaluate -10 + 2 + (2 - 2) + 2.
-6
What is the value of -10 + 10 - (3 + 1)?
-4
What is the value of 6 + -2 - -4 - (-4 - -17)?
-5
(7 - -1) + (13 - 17)
4
What is the value of 7 + -2 + 0 + -9?
-4
Evaluate (-10 - (2 + -4)) + (6 - 2).
-4
8 - 23 - 3 - -7
-11
Evaluate -1 + 1 - (1 + 2 - 6).
3
Calculate 7 + (3 - 4) + -9 + 8.
5
Evaluate -1 + (-3 + 4 - 4 - 1).
-5
Evaluate 4 + (7 - (-6 - -1 - -9)).
7
Calculate -7 + -4 - (-5 + -1).
-5
What is the value of (-1 - (-1 + 0 - -3)) + 8?
5
What is the value of 1 + 0 + (11 - 1) + -5?
6
Evaluate -2 + (-4 + 7 + 3 - 3).
1
What is the value of 0 - 4 - (5 - 5) - 1?
-5
Evaluate -6 + 3 + -4 - -6.
-1
Calculate (-3 - -1) + (3 - 2).
-1
Calculate -7 - (-9 + 18) - -11.
-5
What is the value of (-31 - -34) + 1 + 0 + -1?
3
Evaluate -2 - -1 - (6 + (6 - 5)).
-8
Evaluate (5 - 4) + (9 - 14).
-4
(-1 - (9 + -10)) + (3 - -1)
4
-12 - (-5 - (-8 + (-3 - -9)))
-9
3 + 0 + (-3 - 0)
0
5 + 0 + 1 + -3
3
What is the value of -5 + (24 - -6) + -14?
11
Calculate (-18 - -22) + (1 - 1).
4
Evaluate 1 - (-2 - ((1 - 2) + -5)).
-3
-6 + 1 - (-30 - -25)
0
What is the value of 15 + 7 + -13 + (3 - 4)?
8
What is 10 + -6 + -12 + 10?
2
What is the value of (2 - 3) + (5 - 2)?
2
Evaluate 24 + -36 + (1 - -13).
2
Evaluate (-3 - (4 + -5)) + 7.
5
Calculate (5 + -1 - -1) + 3 + -4.
4
What is the value of 15 - 11 - (2 + (-4 - -2))?
4
What is the value of -4 - (-1 - 3 - (-1 - 3))?
-4
What is the value of 0 + -3 + (-2 - -11)?
6
Evaluate -2 - (0 + 4 - (16 - 8)).
2
Calculate -3 + (4 - -1 - 16 - -6).
-8
4 + -2 + -1 - (-6 - -4)
3
1 + 2 + -10 + 13
6
Evaluate -6 - -2 - (-2 + -4).
2
-1 - 2 - (-2 + 0 + 1)
-2
4 + -1 + -1 + -3
-1
What is the value of (-1 - -2 - (1 - -2)) + -3?
-5
What is 3 + (-5 - -6) - 3?
1
(0 - 0 - 0) + 9
9
Calculate (-1 - 1) + (-5 - (3 - 11)).
1
What is 2 - (2 - -2) - 0?
-2
Calculate (-4 - -10) + (4 + -4 - 1).
5
What is the value of -8 - (-7 - (1 + 9))?
9
What is 1 + -1 + (-38 - -42)?
4
What is 3 + -5 + -3 - -5?
0
Evaluate -2 - (-1 - (2 + -2)).
-1
(-4 - 7 - -2) + 6
-3
What is 1 + 1 + 2 + -7 + -1?
-4
Calculate (0 + -7 - -3) + 11.
7
What is 7 + -3 - 2 - (3 - 0)?
-1
Calculate (18 - 15) + -2 + 2 + 2.
5
What is the value of 7 - (6 - 2) - 0?
3
What is the value of (-4 - -7) + -4 + 1?
0
What is the value of 2 + -17 + 3 + 7?
-5
Calculate -4 - 0 - 2 - (0 + -12).
6
What is the value of -55 - -49 - (-3 - -1)?
-4
(4 - (0 - -7)) + 1
-2
What is (-1 + -3 - (-3 + 1)) + -3?
-5
4 - ((-9 - -4) + 14)
-5
Evaluate (-4 - -1) + 0 + (7 - 2).
2
(-6 - (3 + -5)) + (0 - -8)
4
What is the value of 5 - (6 + (0 + -2 - 0))?
1
Calculate -3 + 5 + -1 - (1 + -3).
3
Evaluate 3 - (4 - -1 - 4).
2
What is the value of (4 - 12) + (2 - (-2 - -2))?
-6
(7 - 1 - 3) + 1 - 9
-5
What is the value of -11 + 0 + 14 - 3?
0
What is the value of -1 + 3 - ((3 - -1) + -11)?
9
Calculate 19 + -17 - (5 - 3).
0
What is -5 + (-9 - (-15 + 7)) - 1?
-7